, -5*s + 5*u + 50 = 0. Let l(o) be the second derivative of -o**4/12 + 2*o**3/3 + 4*o**2 - o. What is l(s)?
-4
Let n(h) = -h**2 - 2*h - 3. Let g(v) = -v**2 - v - 2. Let x(i) = 3*g(i) - 4*n(i). What is x(-5)?
6
Suppose -2*g - 15 = -7*g. Let q(u) = -3 + 5 - 5*u + 4*u + 3*u. What is q(g)?
8
Suppose -2*j + 5*g - 10 = -3*j, -4*j - 35 = -5*g. Let d(t) = -4*t - 5. Calculate d(j).
15
Let t(a) = a - 7. Suppose 0 = w + w - 2*u - 18, -4*w + 28 = -2*u. Give t(w).
-2
Let p(s) = 2*s**2 + 3*s - 2. Suppose -74 = 14*r - 18. Give p(r).
18
Suppose s + 4*s = 30. Let f(w) be the third derivative of -1/10*w**5 - 1/24*w**4 + 0 + 0*w + 1/2*w**3 + w**2 + 1/120*w**6. Determine f(s).
-3
Let g(z) be the third derivative of z**6/120 - z**5/15 - z**4/4 + z**2. Determine g(5).
-5
Let z be -1*(-1 + (2 - 1)). Let x be (5 + -4)*(z + -1). Let w be -3 - (x + 0 + 3). Let u(c) = c**2 + 4*c + 2. Determine u(w).
7
Let q = 197 - 203. Let a(i) = i**3 + 6*i**2 + 4. What is a(q)?
4
Let z = 10 + -13. Let k = z + -2. Let w(a) = a - 5. Determine w(k).
-10
Let f(a) = -a + 7. Suppose -8 - 6 = u. Let x = u - -20. Let d be f(x). Let i(l) = -4*l + 1. What is i(d)?
-3
Let p(k) be the second derivative of k**5/20 - 7*k**4/12 + 2*k**3/3 + 2*k**2 + 2*k. Suppose 33 = 6*b - 3. Determine p(b).
-8
Let c(u) = -u - 1. Suppose 5*d - 28 = 4*f, -3*d + 4*d - 3*f = 10. Suppose -l + 5 = d*l. Let o(b) = -1. Let s(i) = l*c(i) - 2*o(i). Calculate s(2).
-1
Let j be 1/(-1) - -3 - -2. Let s be -2*(6/j + -1). Let h(o) = 3*o**3 - o**2 - o - 1. Calculate h(s).
-4
Let w(x) = x**2 - 2*x + 1. Let i(j) = j**2. Let b(h) = -2*i(h) - w(h). Give b(1).
-2
Suppose 0*t = -4*t + 24. Let f(h) = -5*h**2 + 7*h - 3*h**2 + t*h**2 - 5. Determine f(4).
-9
Let k(b) = -b**3 - 5*b**2 + 6*b + 1. Let l be k(-6). Let a be 1/3 + (-4)/(-6). Let x(n) = 0*n**3 - a + n**3 - 5*n**3. Calculate x(l).
-5
Let f(a) = a**3 - 6*a**2 + 2*a - 2. Let y(c) = c**2 - c + 1. Let r(q) = f(q) + 4*y(q). Let l = -2 - -4. Give r(l).
-2
Let a be ((-7)/14)/(1/(-6)). Let q(z) = -z**2 - 7*z + 2. Let f(t) = t**2 + 6*t - 2. Let j(s) = a*q(s) + 4*f(s). What is j(-3)?
-2
Let z be -1 + (-1)/(-1)*2. Suppose 0 = 4*o - 48 + 16. Let u be (1*o/(-2))/z. Let i(g) = -g**2 - 4*g + 2. Determine i(u).
2
Let k = 47 - 48. Let m(y) = 2*y**3 - 2*y**2 - y - 2. Let o(f) = 4*f**3 - 3*f**2 - f - 3. Let d be 46/10 + (-2)/(-5). Let g(x) = d*m(x) - 3*o(x). What is g(k)?
2
Let f(l) = -l**2 + l - 2. Let u = -41 - -41. Determine f(u).
-2
Let x(c) = 1. Let n(g) = g - 1. Let a(i) = n(i) + 3*x(i). Suppose -y + 2*y = 0. Let o be (-4)/6*-3 - y. What is a(o)?
4
Let c be 3 - 2 - 4/2. Let r(w) = -2*w - 6*w + 4*w. Determine r(c).
4
Let v(t) = -120*t**3 + 121*t**3 - 2 + 2*t**2 + 3*t**2. Calculate v(-2).
10
Let y = -19 + 9. Let a be 18/(-24) - y/(-8). Let m(l) = 6*l + 3. Give m(a).
-9
Let c(h) = -h - 12 + 5 + 5. Let l = 11 - 8. Suppose 2*t = l*a - 2*t + 7, -3*t = -2*a - 4. Determine c(a).
3
Let x(b) be the second derivative of -b**5/20 - b**3/6 + 3*b**2 + 3*b. Give x(0).
6
Let d(m) = -7*m**2 + 5*m - 9. Let s(o) = 3*o**2 - 3*o + 5. Suppose -8*v - 3*i = -3*v - 7, 4 = -4*i. Let y(z) = v*d(z) + 5*s(z). Determine y(5).
7
Let o(c) = -1 + 2*c**2 - 2*c**3 - c**2 + 3*c**3. Let b(h) = 2 + h - 5*h**3 + 128*h**2 - 137*h**2 + 0*h - 2*h**3. Let v(d) = b(d) + 6*o(d). Determine v(-4).
8
Let r = 3 + -1. Let u = r + -6. Let c(o) = 5*o**2 - 2*o**2 + o**2 - 9*o**2 + 2 - o**3 - 5*o. Calculate c(u).
6
Suppose 8*c + 4 = 12. Let u(i) = -6*i**2 - i + 1. Give u(c).
-6
Suppose 1 - 13 = -3*s. Suppose s*i + i = -2*u, u + 1 = -2*i. Let l(o) = -3*o - 2*o**i - 2 + 1 + 4*o + 2. Determine l(-1).
-2
Let d(c) = c**3 - 2*c**2 + 4*c - 2. Let r(a) = a**2 + 15*a + 16. Let o be r(-14). Calculate d(o).
6
Let g = -10 + 12. Let a(t) be the first derivative of -g + 4/3*t**3 + 1/4*t**4 - 7/2*t**2 - 3*t. What is a(-5)?
7
Let w(c) = -c + 1. Let r(m) be the second derivative of -19*m**3/6 - m**2/2 + m. Let l be r(-1). Suppose f = 5, -b - 4*f = -f - l. Give w(b).
-2
Let l(p) = -1. Let n(g) = g + 2. Let f = 12 + -13. Let v(q) = f*l(q) + n(q). What is v(-4)?
-1
Let r(v) = 4*v**2 + 6*v - 5. Let m(q) = 8*q**2 + 11*q - 9. Let d(z) = -6*m(z) + 11*r(z). Suppose 5*l = 25, 4*k - 4*l - 3 + 19 = 0. Determine d(k).
-5
Let v be 5/10 + (-106)/(-4). Let p be 63/v + (-2)/(-3). Let n(f) = f**2 - 5*f + 4. What is n(p)?
-2
Let w(o) = -o + 3. Suppose 15 = 5*c, -m + c - 1 = 3*c. Let b = 4 + m. Calculate w(b).
6
Let g(h) be the second derivative of -h**5/20 - 5*h**4/6 - 4*h**3/3 + 4*h**2 - 5*h. Give g(-9).
-1
Let g = 12 - 7. Let f(d) = -d**3. Let c be 1 + (21/3 - 2). Let q(h) = -5*h**3 - 5*h**2 + 4. Let l(k) = c*f(k) - q(k). What is l(g)?
-4
Let p(h) = -h**3 + h**2 + 2*h + 1. Let r be p(-2). Let d = 8 - r. Let w(n) be the third derivative of -n**5/60 + n**4/24 + n**3/6 - n**2. Determine w(d).
-1
Let r(j) be the first derivative of 2*j**4 - j**2 + j + 2. Let z be ((-6)/(-4))/((-3)/(-2)). Give r(z).
7
Let a(n) = -7 + 7*n**2 - 6*n**2 + n + 0*n**2. Calculate a(0).
-7
Let g(u) = -2 + 7 + 4*u - 3*u. Give g(-4).
1
Let o be 32/(-5) + 2/5. Let d(s) = 3*s**2 - 5*s + 2*s - 2*s + 11 - 3*s. Let k(u) = -u**2 + u - 1. Let c(h) = d(h) + 4*k(h). Determine c(o).
-5
Let f(c) = -3*c - 2. Let s be -1 + -1 + 0/(0 - 1). Give f(s).
4
Let h be (0 + 0 - 1)*-1. Let o be h/3 + 2/3. Let p(n) = o - n - 2*n + 4*n. Determine p(-5).
-4
Let w be -4 + -1 + 2 - 4. Let g = w + 9. Let r(a) = 4*a - 3. What is r(g)?
5
Let y(f) = -1 + 6*f - 2*f + 3 - 6*f. Calculate y(-5).
12
Let s = 1 + -1. Suppose 8*p - 3*p - 45 = s. Let i = 6 - p. Let c(n) = 3*n + 3. Calculate c(i).
-6
Let l be 0 - ((-2 - -1) + 1). Let j(y) be the second derivative of -y**6/720 + y**5/40 - y**4/6 + y. Let s(m) be the third derivative of j(m). What is s(l)?
3
Let r(k) = -22*k**3 + k**2 - k. Let w(n) = 2*n**2 + 6*n - 7. Let q be w(-4). Give r(q).
-22
Let p(x) be the third derivative of -x**9/60480 - x**8/2880 - x**7/720 + x**6/720 - x**5/15 + x**2. Let b(v) be the third derivative of p(v). Determine b(-5).
-14
Suppose 2*m + q = -3*m - 45, 3*m + 27 = 5*q. Let h(p) = 4*p - 4*p + 0*p + p + 2. Give h(m).
-7
Suppose 0*u + 3*u = 12. Suppose 38 = u*p - 106. Let w be p/(-8) - 2/(-4). Let r(h) = -h**2 - 3*h + 2. Determine r(w).
-2
Suppose g = -2*g + 9. Let m(v) = 0*v**2 + g*v**2 - 4*v**2 + 1. Let a = 0 - -3. Calculate m(a).
-8
Let l(j) be the first derivative of j**2 - 3*j - 4. Determine l(-4).
-11
Let m(d) = 7*d**2 - 30 + 36 - 6*d**2 - 7*d. Calculate m(6).
0
Suppose 5*c = 17 - 2. Suppose -p - c*p = -12. Let b(z) = p - 7*z - 3. Calculate b(-1).
7
Let s(q) = -9*q - 1. Let x(v) = -v. Let p(d) = s(d) - 5*x(d). What is p(1)?
-5
Let a(q) = -4*q**3 - 9 + 2*q**3 + q**3 + 2 + q**2 - q. Calculate a(0).
-7
Let n(j) be the third derivative of j**4/12 - j**3/3 + 25*j**2. What is n(-4)?
-10
Suppose -5*o - 1 = -3*t - 0, 4*t + 12 = 0. Let u(s) = 31*s - 1. Let f(w) = -6*w. Let g(b) = 11*f(b) + 2*u(b). Give g(o).
6
Let j(h) = h**3 + 2*h + 1. Suppose -a + 6*a = -55. Let q = a + 10. What is j(q)?
-2
Let g(x) = -2*x**3 + x**2 + 2*x + 6. Let o(c) = 2*c**3 - c**2 - 2*c - 7. Let j(d) = 6*g(d) + 5*o(d). Give j(-1).
2
Let k be 3/(2 + (-9)/4). Let c be 3 + -2 - (k - -1). Let t = c - 7. Let d(p) = -p + 7. Give d(t).
2
Let t be (-7 + 1)*(3 + 30/(-18)). Let x(k) = -k**3 - 9*k**2 - 7*k + 3. Calculate x(t).
-5
Let m(g) = -g - 1. Suppose 4*v = -2*c + 12, -5*c - 2*v + 12 = -c. Let p be (-2 - -4 - c)/(-3). What is m(p)?
-1
Let g(z) = 3*z + 3. Suppose -1 = f - 23. Suppose 5*s = 2*s - 2*w + f, 0 = -2*s + 2*w - 2. Suppose -s*n = 2*u - 2, -6*n + 14 = -4*u - 5*n. Calculate g(u).
-6
Let n(l) = -7*l**2 - l + 5. Let a(s) = 20*s**2 + 2*s - 14. Let m(j) = 6*a(j) + 17*n(j). Let t = 8 + -5. Calculate m(t).
-5
Suppose -4*h - 9 = -29. Let x be (63/(-14))/((-2)/4). Let p(i) = -i**2 + 7*i + 5*i**2 - 2 - 10*i**3 + x*i**3. What is p(h)?
8
Let u(n) = n - 13. Let c = -19 + 19. Suppose -3*r + 11 + 18 = 2*m, c = m + r - 12. What is u(m)?
-6
Suppose -39*r - 20 = -43*r. Let s(b) = 0*b + 8*b - b - b**2 - 5. Determine s(r).
5
Let f(l) = 9*l + 2. Let r(i) = 0*i - 4*i + 0*i - 1 + 0*i. Let q(a) = 3*f(a) + 7*r(a). Give q(-3).
2
Let u(d) = 2*d + 2. Suppose 0 = -3*f - f. Let t be 3 + -3 + f + 1. Let q be (-1)/(6/(-8) + t). Give u(q).
-6
Let k(t) = 4 - t + 2*t + 4*t. Let v = -3 + 0. Give k(v).
-11
Let v(i) = i**3 - 14*i**2 - 